
Is 55 a factor of 8091270?
True
Does 41 divide 770185?
True
Is 53 a factor of 864377?
True
Is 5 a factor of 91470?
True
Is 2611981 a multiple of 723?
False
Is 20 a factor of 5649260?
True
Does 15 divide 3117225?
True
Is 99426 a multiple of 146?
True
Is 442 a factor of 13000546?
True
Does 10 divide 145483?
False
Is 2017240 a multiple of 5?
True
Is 139 a factor of 373413?
False
Is 6218358 a multiple of 114?
True
Does 9 divide 571473?
True
Is 130 a factor of 636839?
False
Does 835 divide 310620?
True
Does 1138 divide 1388478?
False
Is 1541 a factor of 16783031?
True
Does 773 divide 7211317?
True
Does 503 divide 1325405?
True
Is 126682 a multiple of 56?
False
Is 772 a factor of 496426?
False
Does 4 divide 186886?
False
Is 91740 a multiple of 55?
True
Is 259995 a multiple of 5?
True
Is 152191 a multiple of 103?
False
Is 136 a factor of 230744?
False
Is 126503 a multiple of 263?
True
Does 10 divide 14468380?
True
Is 14 a factor of 202382?
False
Does 14 divide 3692598?
True
Does 6 divide 11651?
False
Is 2 a factor of 64265?
False
Is 24 a factor of 1640592?
True
Is 1185 a factor of 6785310?
True
Is 10 a factor of 33163506?
False
Is 330378 a multiple of 6?
True
Is 10 a factor of 282361?
False
Is 64352 a multiple of 4?
True
Does 24 divide 7082136?
True
Does 15 divide 40401?
False
Does 26 divide 602654?
True
Is 789212 a multiple of 43?
False
Is 1947207 a multiple of 3?
True
Is 22 a factor of 16822410?
True
Does 143 divide 728299?
True
Is 49 a factor of 96383?
True
Is 21 a factor of 1039563?
True
Is 890 a multiple of 89?
True
Is 1136 a factor of 22201984?
True
Does 377 divide 2513836?
True
Is 135 a factor of 3467173?
False
Does 31 divide 159526?
True
Is 16305112 a multiple of 8?
True
Is 10 a factor of 329090?
True
Is 2872233 a multiple of 1323?
True
Does 73 divide 361352?
False
Does 11 divide 27382?
False
Does 29 divide 371316?
True
Is 978608 a multiple of 496?
True
Does 31 divide 8618310?
True
Is 74360 a multiple of 4?
True
Is 115842 a multiple of 19?
False
Does 49 divide 8918?
True
Is 250 a factor of 613000?
True
Does 406 divide 1689650?
False
Is 12 a factor of 3360828?
True
Is 22 a factor of 9485?
False
Is 1224720 a multiple of 504?
True
Is 12905314 a multiple of 33?
False
Is 116 a factor of 164131?
False
Is 86566 a multiple of 19?
False
Does 1374 divide 2839348?
False
Does 444 divide 3842036?
False
Does 21 divide 67446?
False
Is 16 a factor of 36400?
True
Is 566 a factor of 2759816?
True
Does 99 divide 110880?
True
Is 4 a factor of 21176?
True
Is 112 a factor of 193200?
True
Does 183 divide 497211?
True
Is 569072 a multiple of 112?
True
Is 10752 a multiple of 42?
True
Is 603958 a multiple of 7?
False
Is 5116064 a multiple of 41?
False
Is 100 a factor of 767200?
True
Does 705 divide 255915?
True
Is 4218 a multiple of 6?
True
Is 44 a factor of 1447776?
True
Is 336 a factor of 1457568?
True
Is 499511 a multiple of 17?
True
Is 4825830 a multiple of 433?
False
Does 411 divide 1745164?
False
Is 512704 a multiple of 287?
False
Does 10 divide 11763670?
True
Is 721889 a multiple of 367?
True
Is 61413 a multiple of 27?
False
Does 158 divide 566618?
False
Does 2 divide 41738?
True
Is 107583 a multiple of 141?
True
Is 68 a factor of 5004392?
True
Is 4862226 a multiple of 31?
True
Is 166 a factor of 4814?
True
Is 1066 a factor of 4196842?
True
Does 3 divide 556269?
True
Is 4 a factor of 59024?
True
Is 41164 a multiple of 251?
True
Does 40 divide 12964384?
False
Does 1291 divide 4109863?
False
Is 59249 a multiple of 179?
True
Is 695 a factor of 1800466?
False
Is 4163150 a multiple of 51?
False
Is 74351 a multiple of 6?
False
Is 6682792 a multiple of 148?
True
Does 13 divide 159796?
True
Is 138 a factor of 122261?
False
Is 221 a factor of 34170?
False
Does 43 divide 28413?
False
Is 1429296 a multiple of 455?
False
Is 84275 a multiple of 256?
False
Does 6 divide 224557?
False
Is 5046182 a multiple of 1671?
False
Does 3 divide 29959?
False
Is 2252032 a multiple of 10?
False
Is 4764685 a multiple of 64?
False
Is 4 a factor of 547238?
False
Does 41 divide 10885910?
True
Is 4 a factor of 141420?
True
Is 6369381 a multiple of 220?
False
Does 275 divide 1717100?
True
Is 95 a factor of 224728?
False
Does 36 divide 5920092?
True
Does 205 divide 1770384?
False
Is 101 a factor of 324750?
False
Is 353995 a multiple of 415?
True
Does 159 divide 1621959?
True
Is 248429 a multiple of 179?
False
Is 39 a factor of 161046?
False
Does 87 divide 529569?
True
Is 50 a factor of 153350?
True
Is 2 a factor of 10979?
False
Is 8 a factor of 209343?
False
Is 174602 a multiple of 67?
True
Does 25 divide 1459315?
False
Is 208005 a multiple of 35?
True
Does 15 divide 487965?
True
Is 99120 a multiple of 40?
True
Is 70 a factor of 86477?
False
Is 124828 a multiple of 22?
True
Does 6 divide 5340?
True
Does 70 divide 58240?
True
Does 56 divide 603733?
False
Does 23 divide 296148?
True
Is 663570 a multiple of 7?
False
Does 20 divide 1920?
True
Is 14251369 a multiple of 671?
True
Is 46 a factor of 1509835?
False
Does 158 divide 5132630?
True
Is 1860046 a multiple of 23?
False
Is 13 a factor of 137424?
False
Is 514465 a multiple of 19?
False
Does 5 divide 9440?
True
Does 457 divide 159950?
True
Is 238872 a multiple of 269?
True
Is 28 a factor of 838578?
False
Is 8557860 a multiple of 30?
True
Is 41 a factor of 487205?
False
Is 13 a factor of 2727816?
True
Is 216 a factor of 798371?
False
Does 442 divide 243100?
True
Is 3 a factor of 76519?
False
Does 54 divide 766680?
False
Does 58 divide 4841818?
False
Does 207 divide 105088?
False
Does 88 divide 153560?
True
Is 119 a factor of 1774528?
True
Does 414 divide 2325438?
True
Is 6 a factor of 23325?
False
Is 20 a factor of 234169?
False
Is 67 a factor of 556435?
True
Is 135 a factor of 4522806?
False
Is 136515 a multiple of 58?
False
Does 213 divide 551598?
False
Does 362 divide 226963?
False
Does 14 divide 32872?
True
Is 476465 a multiple of 122?
False
Does 53 divide 3539817?
True
Is 34 a factor of 40188?
True
Is 6689227 a multiple of 1340?
False
Is 32296 a multiple of 23?
False
Does 34 divide 3469292?
True
Is 1237527 a multiple of 64?
False
Is 1692593 a multiple of 135?
False
Is 37 a factor of 666962?
True
Does 1393 divide 1810900?
True
Is 204136 a multiple of 152?
True
Does 44 divide 9416?
True
Is 36708 a multiple of 276?
True
Is 423 a factor of 237122?
False
Is 140 a factor of 870660?
True
Is 14 a factor of 703385?
False
Is 1060530 a multiple of 345?
True
Is 13000 a multiple of 13?
True
Does 6 divide 29724?
True
Does 15 divide 151688?
False
Is 3 a factor of 95280?
True
Does 25 divide 47350?
True
Is 129 a factor of 23220?
True
Does 17 divide 42330?
True
Is 74 a factor of 10564063?
False
Is 3106512 a multiple of 36?
True
Is 1770472 a multiple of 248?
True
Is 570241 a multiple of 10?
False
Is 189 a factor of 1499956?
False
Is 416325 a multiple of 22?
False
Does 89 divide 359634?
False
Does 133 divide 8947399?
False
Does 49 divide 22428467?
False
Is 1948921 a multiple of 936?
False
Is 53 a factor of 33072?
True
Is 5 a factor of 533445?
True
Is 1166947 a multiple of 5?
False
Does 370 divide 361120?
True
Is 287 a factor of 372077?
False
Is 105 a factor of 133628?
False
Is 13410589 a multiple of 37?
False
Is 34469 a multiple of 230?
False
Is 25 a factor of 235512?
False
Does 20 divide 166468?
False
Is 26575 a multiple of 5?
True
Is 89 a factor of 2774682?
False
Does 56 divide 9255568?
True
Is 365 a factor of 419188?
False
Is 361 a factor of 1806755?
False
Is 131 a factor of 27973459?
False
Is 222 a factor of 630702?
True
Is 572509 a multiple of 214?
False
Does 64 divide 221248?
True
Does 47 divide 54097?
True
Does 174 divide 225852?
True
Does 267 divide 955326?
True
Is 96873 a multiple of 47?
False
Is 312 a factor of 3197091?
False
Is 467 a factor of 586552?
True
Is 117 a factor of 107523?
True
Is 164152 a multiple of 6?
False
Is 12 a factor of 1221963?
False
Does 104 divide 145704?
True
Does 54 divide 2116638?
True
Does 259 divide 12498271?
False
Is 44767542 a multiple of 13?
False
Is 22 a factor of 316140?
True
Does 8 divide 4341613?
False
Is 1477800 a multiple of 450?
True
Does 31 divide 178033?
True
Is 41 a factor of 46814?
False
Is 13734045 a multiple of 9?
True
Is 519 a factor of 2964528?
True
Is 101 a factor of 14134243?
True
Is 8 a factor of 137